{"id":15243,"date":"2019-04-26T11:48:19","date_gmt":"2019-04-26T11:48:19","guid":{"rendered":"http:\/\/huebsch-php74.bitnamiapp.com\/vn-international\/products\/"},"modified":"2020-04-22T17:16:18","modified_gmt":"2020-04-22T17:16:18","slug":"san-pham","status":"publish","type":"page","link":"https:\/\/huebsch.com\/vn-international\/san-pham\/","title":{"rendered":"S\u1ea3n ph\u1ea9m"},"content":{"rendered":"<p><div class=\"fusion-fullwidth fullwidth-box fusion-builder-row-1 nonhundred-percent-fullwidth non-hundred-percent-height-scrolling\" style=\"--awb-border-radius-top-left:0px;--awb-border-radius-top-right:0px;--awb-border-radius-bottom-right:0px;--awb-border-radius-bottom-left:0px;--awb-flex-wrap:wrap;\" ><div class=\"fusion-builder-row fusion-row\"><div class=\"fusion-layout-column fusion_builder_column fusion-builder-column-0 fusion_builder_column_3_4 3_4 fusion-three-fourth fusion-column-first\" style=\"--awb-bg-size:cover;width:75%;width:calc(75% - ( ( 4% ) * 0.75 ) );margin-right: 4%;\"><div class=\"fusion-column-wrapper fusion-column-has-shadow fusion-flex-column-wrapper-legacy\"><div class=\"fusion-title title fusion-title-1 fusion-sep-none fusion-title-text fusion-title-size-one\"><h1 class=\"fusion-title-heading title-heading-left fusion-responsive-typography-calculated\" style=\"margin:0;--fontSize:33;line-height:1.45;\">Thi\u1ebft b\u1ecb Gi\u1eb7t l\u00e0 t\u1ef1 \u0111\u1ed9ng &amp; S\u1ea3n ph\u1ea9m Gi\u1eb7t l\u00e0 th\u01b0\u01a1ng m\u1ea1i<\/h1><\/div><div class=\"fusion-text fusion-text-1\"><p>Kinh doanh gi\u1eb7t l\u00e0 th\u00e0nh c\u00f4ng b\u1eaft \u0111\u1ea7u v\u1edbi thi\u1ebft b\u1ecb \u0111\u1eb3ng c\u1ea5p th\u1ebf gi\u1edbi. V\u1edbi cam k\u1ebft \u0111\u1ed5i m\u1edbi li\u00ean t\u1ee5c, <span class=\"fusion-tooltip tooltip-shortcode\" data-animation=\"\" data-delay=\"0\" data-placement=\"top\" data-title=\"Gi\u1eb7t l\u00e0 Huebsch\" title=\"Gi\u1eb7t l\u00e0 Huebsch\" data-toggle=\"tooltip\" data-trigger=\"hover\"><strong>Huebsch\u00ae<\/strong><\/span> cung c\u1ea5p \u0111\u1ea7y \u0111\u1ee7 c\u00e1c d\u00f2ng s\u1ea3n ph\u1ea9m \u0111\u01b0\u1ee3c thi\u1ebft k\u1ebf v\u00e0 s\u1ea3n xu\u1ea5t nh\u1eb1m mang l\u1ea1i hi\u1ec7u qu\u1ea3 v\u00e0 hi\u1ec7u su\u1ea5t cao nh\u1ea5t cho c\u00e1c ti\u1ec7m gi\u1eb7t l\u00e0 t\u1ef1 \u0111\u1ed9ng, gi\u1eb7t l\u00e0 t\u1ea1i ch\u1ed7 v\u00e0 gi\u1eb7t l\u00e0 th\u01b0\u01a1ng m\u1ea1i \u1edf t\u1ea5t c\u1ea3 c\u00e1c lo\u1ea1i h\u00ecnh v\u00e0 quy m\u00f4.<\/p>\n<\/div><div class=\"fusion-flip-boxes flip-boxes row fusion-columns-2 flip-effect-3d equal-heights nyb-flip-box\" style=\"--awb-flip-duration:0.7s;\"><div class=\"fusion-flip-box-wrapper fusion-column col-lg-6 col-md-6 col-sm-6\"><div class=\"fusion-flip-box flip-left\" tabindex=\"0\"><div class=\"flip-box-inner-wrapper\"><div class=\"flip-box-front\" style=\"--awb-border-color:rgba(115,181,65,0.7);--awb-border-size:1px;--awb-background-color-front:#ffffff;\"><div class=\"flip-box-front-inner\"><div class=\"flip-box-grafix flip-box-image\"><img decoding=\"async\" data-src=\"https:\/\/huebsch.com\/vn-international\/wp-content\/uploads\/sites\/13\/2019\/07\/HC040_Drop_Glxy600_Citron_Front-183x300.jpg\" width=\"200\" height=\"327.87\" alt=\"\" src=\"data:image\/svg+xml;base64,PHN2ZyB3aWR0aD0iMSIgaGVpZ2h0PSIxIiB4bWxucz0iaHR0cDovL3d3dy53My5vcmcvMjAwMC9zdmciPjwvc3ZnPg==\" class=\"lazyload\" style=\"--smush-placeholder-width: 200px; --smush-placeholder-aspect-ratio: 200\/327;\" \/><\/div><h2 class=\"flip-box-heading without-text\">Thi\u1ebft b\u1ecb gi\u1eb7t l\u00e0 t\u1ef1 \u0111\u1ed9ng<\/h2><\/div><\/div><div class=\"flip-box-back\" style=\"--awb-border-color:rgba(115,181,65,0.7);--awb-border-size:1px;--awb-background-color-back:#ffffff;--awb-title-back-color:#333333;--awb-text-back-color:#222222;\"><div class=\"flip-box-back-inner\"><h3 class=\"flip-box-heading-back\">Thi\u1ebft b\u1ecb gi\u1eb7t l\u00e0 t\u1ef1 \u0111\u1ed9ng<\/h3>\n<p>Cao c\u1ea5p, b\u1ec1n v\u00e0 hi\u1ec7u qu\u1ea3, thi\u1ebft b\u1ecb gi\u1eb7t l\u00e0 t\u1ef1 \u0111\u1ed9ng c\u1ee7a <span class=\"fusion-tooltip tooltip-shortcode\" data-animation=\"\" data-delay=\"0\" data-placement=\"top\" data-title=\"Gi\u1eb7t l\u00e0 Huebsch\" title=\"Gi\u1eb7t l\u00e0 Huebsch\" data-toggle=\"tooltip\" data-trigger=\"hover\"><strong>Huebsch\u00ae<\/strong><\/span> \u0111\u01b0\u1ee3c thi\u1ebft k\u1ebf ri\u00eang \u0111\u1ec3 t\u1ed1i \u0111a h\u00f3a doanh thu, gi\u1ea3m thi\u1ec3u chi ph\u00ed v\u00e0 t\u1ed1i \u01b0u h\u00f3a l\u1ee3i nhu\u1eadn c\u1ee7a b\u1ea1n.<\/p>\n<div class=\"fusion-button-wrapper\">\n<p><a class=\"fusion-button button-flat fusion-button-round button-large button-default\" href=\"\/vn-international\/san-pham\/giat-la-thuong-mai\/?lang=vi\" rel=\"noopener noreferrer\"><span class=\"fusion-button-text\">T\u00ecm hi\u1ec3u th\u00eam<\/span><\/a><\/p>\n<\/div>\n<\/div><\/div><\/div><\/div><\/div><div class=\"fusion-flip-box-wrapper fusion-column col-lg-6 col-md-6 col-sm-6\"><div class=\"fusion-flip-box flip-left\" tabindex=\"0\"><div class=\"flip-box-inner-wrapper\"><div class=\"flip-box-front\" style=\"--awb-border-color:rgba(115,181,65,0.7);--awb-border-size:1px;--awb-background-color-front:#ffffff;\"><div class=\"flip-box-front-inner\"><div class=\"flip-box-grafix flip-box-image\"><img decoding=\"async\" data-src=\"https:\/\/huebsch.com\/vn-international\/wp-content\/uploads\/sites\/13\/2019\/05\/HF_FC_OPL_E7-200x300.png\" width=\"200\" height=\"300\" alt=\"\" src=\"data:image\/svg+xml;base64,PHN2ZyB3aWR0aD0iMSIgaGVpZ2h0PSIxIiB4bWxucz0iaHR0cDovL3d3dy53My5vcmcvMjAwMC9zdmciPjwvc3ZnPg==\" class=\"lazyload\" style=\"--smush-placeholder-width: 200px; --smush-placeholder-aspect-ratio: 200\/300;\" \/><\/div><h2 class=\"flip-box-heading without-text\">Thi\u1ebft b\u1ecb gi\u1eb7t l\u00e0 th\u01b0\u01a1ng m\u1ea1i t\u1ea3i tr\u1ecdng nh\u1eb9<\/h2><\/div><\/div><div class=\"flip-box-back\" style=\"--awb-border-color:rgba(115,181,65,0.7);--awb-border-size:1px;--awb-background-color-back:#ffffff;--awb-title-back-color:#000000;--awb-text-back-color:#000000;\"><div class=\"flip-box-back-inner\"><h3 class=\"flip-box-heading-back\">Thi\u1ebft b\u1ecb gi\u1eb7t l\u00e0 th\u01b0\u01a1ng m\u1ea1i t\u1ea3i tr\u1ecdng nh\u1eb9<\/h3>\n<p>Gi\u01b0\u1eddng v\u00e0 kh\u0103n tr\u1ea3i b\u00e0n b\u1eefa s\u00e1ng. Th\u1ea9m m\u1ef9 vi\u1ec7n. Nh\u00e0 h\u00e0ng. N\u1ebfu b\u1ea1n c\u00f3 m\u1ed9t doanh nghi\u1ec7p nh\u1ecf m\u00e0 \u0111\u00f2i h\u1ecfi c\u00e1c gi\u1ea3i ph\u00e1p gi\u1eb7t l\u00e0 mang ch\u1ea5t l\u01b0\u1ee3ng th\u01b0\u01a1ng m\u1ea1i, ch\u00fang t\u00f4i c\u00f3 c\u00e1c thi\u1ebft b\u1ecb ph\u00f9 h\u1ee3p v\u1edbi b\u1ea1n.<\/p>\n<div class=\"fusion-button-wrapper\"><a class=\"fusion-button button-flat fusion-button-round button-large button-default\" href=\"\/vn-international\/san-pham\/giat-la-thuong-mai-tai-trong-nhe\/?lang=vi\" rel=\"noopener noreferrer\"><span class=\"fusion-button-text\">T\u00ecm hi\u1ec3u th\u00eam<\/span><\/a><\/div>\n<\/div><\/div><\/div><\/div><\/div><div class=\"fusion-flip-box-wrapper fusion-column col-lg-6 col-md-6 col-sm-6\"><div class=\"fusion-flip-box flip-left\" tabindex=\"0\"><div class=\"flip-box-inner-wrapper\"><div class=\"flip-box-front\" style=\"--awb-border-color:rgba(115,181,65,0.7);--awb-border-size:1px;--awb-background-color-front:#ffffff;\"><div class=\"flip-box-front-inner\"><div class=\"flip-box-grafix flip-box-image\"><img decoding=\"async\" data-src=\"https:\/\/huebsch.com\/vn-international\/wp-content\/uploads\/sites\/13\/2019\/07\/HT075_OPL_Glxy_Front-183x300.jpg\" width=\"200\" height=\"327.87\" alt=\"\" src=\"data:image\/svg+xml;base64,PHN2ZyB3aWR0aD0iMSIgaGVpZ2h0PSIxIiB4bWxucz0iaHR0cDovL3d3dy53My5vcmcvMjAwMC9zdmciPjwvc3ZnPg==\" class=\"lazyload\" style=\"--smush-placeholder-width: 200px; --smush-placeholder-aspect-ratio: 200\/327;\" \/><\/div><h2 class=\"flip-box-heading without-text\">Thi\u1ebft b\u1ecb gi\u1eb7t l\u00e0 t\u1ea1i ch\u1ed7<\/h2><\/div><\/div><div class=\"flip-box-back\" style=\"--awb-border-color:rgba(115,181,65,0.7);--awb-border-size:1px;--awb-background-color-back:#ffffff;--awb-title-back-color:#000000;--awb-text-back-color:#000000;\"><div class=\"flip-box-back-inner\"><h3 class=\"flip-box-heading-back\">Thi\u1ebft b\u1ecb gi\u1eb7t l\u00e0 t\u1ea1i ch\u1ed7<\/h3>\n<p>\u0110\u01b0\u1ee3c ch\u1ebf t\u1ea1o b\u1eb1ng nh\u1eefng v\u1eadt li\u1ec7u b\u1ec1n b\u1ec9 \u0111\u1ec3 c\u00f3 hi\u1ec7u qu\u1ea3 v\u00e0 n\u0103ng su\u1ea5t v\u00f4 song, to\u00e0n b\u1ed9 d\u00f2ng thi\u1ebft b\u1ecb c\u1ea5p th\u01b0\u01a1ng m\u1ea1i c\u1ee7a ch\u00fang t\u00f4i gi\u00fap gi\u1ea3m thi\u1ec3u chi ph\u00ed v\u00e0 t\u1ed1i \u0111a h\u00f3a s\u1ed1 l\u01b0\u1ee3ng qu\u1ea7n c\u00e1o nh\u1eb1m \u0111em l\u1ea1i th\u00e0nh c\u00f4ng trong vi\u1ec7c gi\u1eb7t \u1ee7i t\u1ea1i ch\u1ed7.<\/p>\n<div class=\"fusion-button-wrapper\">\n<p><a class=\"fusion-button button-flat fusion-button-round button-large button-default button-6\" href=\"\/vn-international\/san-pham\/giat-la-tai-cho\/?lang=vi\" rel=\"noopener noreferrer\"><span class=\"fusion-button-text\">T\u00ecm hi\u1ec3u th\u00eam<\/span><\/a><\/p>\n<\/div>\n<\/div><\/div><\/div><\/div><\/div><div class=\"fusion-flip-box-wrapper fusion-column col-lg-6 col-md-6 col-sm-6\"><div class=\"fusion-flip-box flip-left\" tabindex=\"0\"><div class=\"flip-box-inner-wrapper\"><div class=\"flip-box-front\" style=\"--awb-border-color:rgba(115,181,65,0.7);--awb-border-size:1px;--awb-background-color-front:#ffffff;\"><div class=\"flip-box-front-inner\"><div class=\"flip-box-grafix flip-box-image\"><img decoding=\"async\" data-src=\"https:\/\/huebsch.com\/vn-international\/wp-content\/uploads\/sites\/13\/2019\/07\/HF_Vend_Citron_Control-300x250.jpg\" width=\"300\" height=\"250\" alt=\"\" src=\"data:image\/svg+xml;base64,PHN2ZyB3aWR0aD0iMSIgaGVpZ2h0PSIxIiB4bWxucz0iaHR0cDovL3d3dy53My5vcmcvMjAwMC9zdmciPjwvc3ZnPg==\" class=\"lazyload\" style=\"--smush-placeholder-width: 300px; --smush-placeholder-aspect-ratio: 300\/250;\" \/><\/div><h2 class=\"flip-box-heading without-text\">C\u00f4ng ngh\u1ec7 \u0111i\u1ec1u khi\u1ec3n Galaxy\u2122 Controls<\/h2><\/div><\/div><div class=\"flip-box-back\" style=\"--awb-border-color:rgba(115,181,65,0.7);--awb-border-size:1px;--awb-background-color-back:#ffffff;--awb-title-back-color:#000000;--awb-text-back-color:#000000;\"><div class=\"flip-box-back-inner\"><h3 class=\"flip-box-heading-back\">C\u00f4ng ngh\u1ec7 \u0111i\u1ec1u khi\u1ec3n Galaxy\u2122 Controls<\/h3>\n<p>V\u1edbi c\u00f4ng ngh\u1ec7 \u0111i\u1ec1u khi\u1ec3n Galaxy 600 c\u1ee7a ch\u00fang t\u00f4i, Huebsch mang \u0111\u1ebfn s\u1ef1 linh ho\u1ea1t t\u1ed1i \u0111a k\u1ebft h\u1ee3p v\u1edbi ch\u1ee9c n\u0103ng th\u00e2n thi\u1ec7n v\u1edbi ng\u01b0\u1eddi d\u00f9ng \u0111\u1ec3 t\u1ed5 ch\u1ee9c h\u1ee3p l\u00fd h\u00f3a c\u00e1c ho\u1ea1t \u0111\u1ed9ng.<\/p>\n<div class=\"fusion-button-wrapper\">\n<p><a class=\"fusion-button button-flat fusion-button-round button-large button-default\" href=\"\/vn-international\/san-pham\/cong-nghe-dieu-khien-galaxy-controls\/?lang=vi\" rel=\"noopener noreferrer\"><span class=\"fusion-button-text\">T\u00ecm hi\u1ec3u th\u00eam<\/span><\/a><\/p>\n<\/div>\n<\/div><\/div><\/div><\/div><\/div><div class=\"fusion-flip-box-wrapper fusion-column col-lg-6 col-md-6 col-sm-6\"><div class=\"fusion-flip-box flip-left\" tabindex=\"0\"><div class=\"flip-box-inner-wrapper\"><div class=\"flip-box-front\"><div class=\"flip-box-front-inner\"><div class=\"flip-box-grafix flip-box-image\"><img decoding=\"async\" data-src=\"https:\/\/huebsch.com\/vn-international\/wp-content\/uploads\/sites\/13\/2019\/07\/HC_Vend_Galaxy500-1-300x214.jpg\" width=\"300\" height=\"214\" alt=\"\" src=\"data:image\/svg+xml;base64,PHN2ZyB3aWR0aD0iMSIgaGVpZ2h0PSIxIiB4bWxucz0iaHR0cDovL3d3dy53My5vcmcvMjAwMC9zdmciPjwvc3ZnPg==\" class=\"lazyload\" style=\"--smush-placeholder-width: 300px; --smush-placeholder-aspect-ratio: 300\/214;\" \/><\/div><h2 class=\"flip-box-heading without-text\">C\u00f4ng ngh\u1ec7 \u0111i\u1ec1u khi\u1ec3n Galaxy\u2122 500<\/h2><\/div><\/div><div class=\"flip-box-back\"><div class=\"flip-box-back-inner\">\n<p class=\"p1\"><span class=\"s1\">V\u1edbi c\u00f4ng ngh\u1ec7 \u0111i\u1ec1u khi\u1ec3n Galaxy\u2122 500, Huebsch mang \u0111\u1ebfn cho ch\u1ee7 ti\u1ec7m gi\u1eb7t l\u00e0 t\u1ef1 \u0111\u1ed9ng m\u1ed9t n\u1ec1n t\u1ea3ng th\u00e2n thi\u1ec7n v\u1edbi ng\u01b0\u1eddi d\u00f9ng, cung c\u1ea5p s\u1ed1 l\u01b0\u1ee3ng ph\u00f9 h\u1ee3p c\u00e1c l\u1ef1a ch\u1ecdn t\u1ea1o ra l\u1ee3i nhu\u1eadn. \u0110\u1ed1i v\u1edbi nh\u1eefng \u00f4ng ch\u1ee7 kh\u00f4ng y\u00eau c\u1ea7u k\u1ebft n\u1ed1i m\u1ea1ng, c\u00f4ng ngh\u1ec7 \u0111i\u1ec1u khi\u1ec3n Galaxy\u2122 500 cung c\u1ea5p cho h\u1ecd l\u1ef1a ch\u1ecdn t\u1ed1c \u0111\u1ed9 v\u1eaft 200 G-Force tr\u00ean m\u00e1y gi\u1eb7t v\u1eaft m\u00e0 kh\u00f4ng c\u1ea7n n\u00e2ng c\u1ea5p l\u00ean c\u00f4ng ngh\u1ec7 m\u00e0 h\u1ecd kh\u00f4ng mu\u1ed1n.<\/span><\/p>\n<\/div><\/div><\/div><\/div><\/div><\/div><div class=\"clearfix\"><\/div><div class=\"fusion-clearfix\"><\/div><\/div><\/div><div class=\"fusion-layout-column fusion_builder_column fusion-builder-column-1 fusion_builder_column_1_4 1_4 fusion-one-fourth fusion-column-last\" style=\"--awb-bg-size:cover;width:25%;width:calc(25% - ( ( 4% ) * 0.25 ) );\"><div class=\"fusion-column-wrapper fusion-column-has-shadow fusion-flex-column-wrapper-legacy\"><div class=\"fusion-widget-area awb-widget-area-element fusion-widget-area-1 fusion-content-widget-area\" style=\"--awb-title-size:14px;--awb-title-color:#333333;--awb-padding:0px 0px 0px 0px;\"><div id=\"nav_menu-14\" class=\"widget widget_nav_menu\"><div class=\"heading\"><h4 class=\"widget-title\">S\u1ea3n ph\u1ea9m<\/h4><\/div><div class=\"menu-products-vietnamese-container\"><ul id=\"menu-products-vietnamese\" class=\"menu\"><li id=\"menu-item-15699\" class=\"menu-item menu-item-type-post_type menu-item-object-page menu-item-15699\"><a href=\"https:\/\/huebsch.com\/vn-international\/san-pham\/giat-la-thuong-mai\/\">Gi\u1eb7t s\u1ea5y th\u01b0\u01a1ng m\u1ea1i<\/a><\/li>\n<li id=\"menu-item-15700\" class=\"menu-item menu-item-type-post_type menu-item-object-page menu-item-15700\"><a href=\"https:\/\/huebsch.com\/vn-international\/san-pham\/giat-la-thuong-mai-tai-trong-nhe\/\">Gi\u1eb7t s\u1ea5y th\u01b0\u01a1ng m\u1ea1i t\u1ea3i tr\u1ecdng nh\u1eb9<\/a><\/li>\n<li id=\"menu-item-15701\" class=\"menu-item menu-item-type-post_type menu-item-object-page menu-item-15701\"><a href=\"https:\/\/huebsch.com\/vn-international\/san-pham\/giat-la-tai-cho\/\">Gi\u1eb7t s\u1ea5y t\u1ea1i ch\u1ed7<\/a><\/li>\n<li id=\"menu-item-15702\" class=\"menu-item menu-item-type-post_type menu-item-object-page menu-item-15702\"><a href=\"https:\/\/huebsch.com\/vn-international\/san-pham\/cong-nghe-dieu-khien-galaxy-controls\/\">C\u00f4ng ngh\u1ec7 \u0111i\u1ec1u khi\u1ec3n Galaxy Controls<\/a><\/li>\n<li id=\"menu-item-15703\" class=\"menu-item menu-item-type-post_type menu-item-object-page menu-item-15703\"><a href=\"https:\/\/huebsch.com\/vn-international\/san-pham\/diem-nhan-trong-thiet-ke\/\">\u0110i\u1ec3m nh\u1ea5n trong Thi\u1ebft k\u1ebf<\/a><\/li>\n<\/ul><\/div><\/div><div class=\"fusion-additional-widget-content\"><\/div><\/div><div class=\"fusion-clearfix\"><\/div><\/div><\/div><\/div><\/div><div class=\"fusion-fullwidth fullwidth-box fusion-builder-row-2 nonhundred-percent-fullwidth non-hundred-percent-height-scrolling\" style=\"--awb-border-radius-top-left:0px;--awb-border-radius-top-right:0px;--awb-border-radius-bottom-right:0px;--awb-border-radius-bottom-left:0px;--awb-padding-top:30px;--awb-margin-top:60px;--awb-background-color:#7eb541;--awb-flex-wrap:wrap;\" ><div class=\"fusion-builder-row fusion-row\"><div class=\"fusion-layout-column fusion_builder_column fusion-builder-column-2 fusion_builder_column_2_3 2_3 fusion-two-third fusion-column-first\" style=\"--awb-bg-size:cover;width:66.666666666667%;width:calc(66.666666666667% - ( ( 4% ) * 0.66666666666667 ) );margin-right: 4%;\"><div class=\"fusion-column-wrapper fusion-column-has-shadow fusion-flex-column-wrapper-legacy\"><div class=\"fusion-title title fusion-title-2 fusion-sep-none fusion-title-text fusion-title-size-one\" style=\"--awb-text-color:#ffffff;--awb-margin-bottom:5px;--awb-margin-bottom-small:5px;\"><h1 class=\"fusion-title-heading title-heading-left fusion-responsive-typography-calculated\" style=\"margin:0;--fontSize:33;line-height:1.45;\">Y\u00eau c\u1ea7u b\u00e1o gi\u00e1<\/h1><\/div><div class=\"fusion-text fusion-text-2\"><p><span style=\"color: #fff\">\u0110i\u1ec1n v\u00e0o m\u1eabu \u0111\u1ec3 y\u00eau c\u1ea7u b\u00e1o gi\u00e1 t\u1eeb chuy\u00ean vi\u00ean kinh doanh c\u1ee7a Huebsch.<\/span><\/p>\n<\/div><div class=\"fusion-clearfix\"><\/div><\/div><\/div><div class=\"fusion-layout-column fusion_builder_column fusion-builder-column-3 fusion_builder_column_1_3 1_3 fusion-one-third fusion-column-last\" style=\"--awb-bg-size:cover;width:33.333333333333%;width:calc(33.333333333333% - ( ( 4% ) * 0.33333333333333 ) );\"><div class=\"fusion-column-wrapper fusion-column-has-shadow fusion-flex-column-wrapper-legacy\"><div class=\"fusion-sep-clear\"><\/div><div class=\"fusion-separator fusion-full-width-sep\" style=\"margin-left: auto;margin-right: auto;margin-top:0px;margin-bottom:22px;width:100%;\"><\/div><div class=\"fusion-sep-clear\"><\/div><div class=\"fusion-align-block\"><a class=\"fusion-button button-flat fusion-button-default-size button-custom fusion-button-default button-1 fusion-button-span-yes fusion-button-default-type\" style=\"--button_accent_color:#ffffff;--button_accent_hover_color:#7eb541;--button_border_hover_color:#7eb541;--button_border_width-top:1px;--button_border_width-right:1px;--button_border_width-bottom:1px;--button_border_width-left:1px;--button_gradient_top_color:#7eb541;--button_gradient_bottom_color:#7eb541;--button_gradient_top_color_hover:#ffffff;--button_gradient_bottom_color_hover:#ffffff;\" target=\"_self\" href=\"https:\/\/huebsch.com\/vn-international\/yeu-cau-bao-gia\/?lang=vi\"><span class=\"fusion-button-text awb-button__text awb-button__text--default\">B\u00e1o gi\u00e1<\/span><\/a><\/div><div class=\"fusion-clearfix\"><\/div><\/div><\/div><\/div><\/div><\/p>\n","protected":false},"excerpt":{"rendered":"","protected":false},"author":4,"featured_media":0,"parent":0,"menu_order":0,"comment_status":"closed","ping_status":"closed","template":"100-width.php","meta":{"_acf_changed":false,"footnotes":""},"class_list":["post-15243","page","type-page","status-publish","hentry"],"acf":[],"yoast_head":"<!-- This site is optimized with the Yoast SEO Premium plugin v20.12 (Yoast SEO v26.5) - https:\/\/yoast.com\/wordpress\/plugins\/seo\/ -->\n<title>S\u1ea3n ph\u1ea9m - Huebsch Vietnam<\/title>\n<meta name=\"robots\" content=\"index, follow, max-snippet:-1, max-image-preview:large, max-video-preview:-1\" \/>\n<link rel=\"canonical\" href=\"https:\/\/huebsch.com\/vn-international\/san-pham\/\" \/>\n<meta property=\"og:locale\" content=\"vi_VN\" \/>\n<meta property=\"og:type\" content=\"article\" \/>\n<meta property=\"og:title\" content=\"S\u1ea3n ph\u1ea9m\" \/>\n<meta property=\"og:url\" content=\"https:\/\/huebsch.com\/vn-international\/san-pham\/\" \/>\n<meta property=\"og:site_name\" content=\"Huebsch Vietnam\" \/>\n<meta property=\"article:publisher\" content=\"https:\/\/www.facebook.com\/Huebsch\/\" \/>\n<meta property=\"article:modified_time\" content=\"2020-04-22T17:16:18+00:00\" \/>\n<meta name=\"twitter:card\" content=\"summary_large_image\" \/>\n<meta name=\"twitter:label1\" content=\"Est. reading time\" \/>\n\t<meta name=\"twitter:data1\" content=\"11 minutes\" \/>\n<script type=\"application\/ld+json\" class=\"yoast-schema-graph\">{\"@context\":\"https:\/\/schema.org\",\"@graph\":[{\"@type\":\"WebPage\",\"@id\":\"https:\/\/huebsch.com\/vn-international\/san-pham\/\",\"url\":\"https:\/\/huebsch.com\/vn-international\/san-pham\/\",\"name\":\"S\u1ea3n ph\u1ea9m - Huebsch Vietnam\",\"isPartOf\":{\"@id\":\"https:\/\/huebsch.com\/vn-international\/#website\"},\"datePublished\":\"2019-04-26T11:48:19+00:00\",\"dateModified\":\"2020-04-22T17:16:18+00:00\",\"breadcrumb\":{\"@id\":\"https:\/\/huebsch.com\/vn-international\/san-pham\/#breadcrumb\"},\"inLanguage\":\"vi-VN\",\"potentialAction\":[{\"@type\":\"ReadAction\",\"target\":[\"https:\/\/huebsch.com\/vn-international\/san-pham\/\"]}]},{\"@type\":\"BreadcrumbList\",\"@id\":\"https:\/\/huebsch.com\/vn-international\/san-pham\/#breadcrumb\",\"itemListElement\":[{\"@type\":\"ListItem\",\"position\":1,\"name\":\"Home\",\"item\":\"https:\/\/huebsch.com\/vn-international\/\"},{\"@type\":\"ListItem\",\"position\":2,\"name\":\"S\u1ea3n ph\u1ea9m\"}]},{\"@type\":\"WebSite\",\"@id\":\"https:\/\/huebsch.com\/vn-international\/#website\",\"url\":\"https:\/\/huebsch.com\/vn-international\/\",\"name\":\"Huebsch Vietnam\",\"description\":\"Your Smart Laundry Partner\",\"publisher\":{\"@id\":\"https:\/\/huebsch.com\/vn-international\/#organization\"},\"potentialAction\":[{\"@type\":\"SearchAction\",\"target\":{\"@type\":\"EntryPoint\",\"urlTemplate\":\"https:\/\/huebsch.com\/vn-international\/?s={search_term_string}\"},\"query-input\":{\"@type\":\"PropertyValueSpecification\",\"valueRequired\":true,\"valueName\":\"search_term_string\"}}],\"inLanguage\":\"vi-VN\"},{\"@type\":\"Organization\",\"@id\":\"https:\/\/huebsch.com\/vn-international\/#organization\",\"name\":\"Huebsch\",\"url\":\"https:\/\/huebsch.com\/vn-international\/\",\"logo\":{\"@type\":\"ImageObject\",\"inLanguage\":\"vi-VN\",\"@id\":\"https:\/\/huebsch.com\/vn-international\/#\/schema\/logo\/image\/\",\"url\":\"https:\/\/huebsch.com\/vn-international\/wp-content\/uploads\/sites\/13\/2019\/04\/Huebsch_Color_RGB-e1554987923330.png\",\"contentUrl\":\"https:\/\/huebsch.com\/vn-international\/wp-content\/uploads\/sites\/13\/2019\/04\/Huebsch_Color_RGB-e1554987923330.png\",\"width\":295,\"height\":70,\"caption\":\"Huebsch\"},\"image\":{\"@id\":\"https:\/\/huebsch.com\/vn-international\/#\/schema\/logo\/image\/\"},\"sameAs\":[\"https:\/\/www.facebook.com\/Huebsch\/\"]}]}<\/script>\n<!-- \/ Yoast SEO Premium plugin. -->","yoast_head_json":{"title":"S\u1ea3n ph\u1ea9m - Huebsch Vietnam","robots":{"index":"index","follow":"follow","max-snippet":"max-snippet:-1","max-image-preview":"max-image-preview:large","max-video-preview":"max-video-preview:-1"},"canonical":"https:\/\/huebsch.com\/vn-international\/san-pham\/","og_locale":"vi_VN","og_type":"article","og_title":"S\u1ea3n ph\u1ea9m","og_url":"https:\/\/huebsch.com\/vn-international\/san-pham\/","og_site_name":"Huebsch Vietnam","article_publisher":"https:\/\/www.facebook.com\/Huebsch\/","article_modified_time":"2020-04-22T17:16:18+00:00","twitter_card":"summary_large_image","twitter_misc":{"Est. reading time":"11 minutes"},"schema":{"@context":"https:\/\/schema.org","@graph":[{"@type":"WebPage","@id":"https:\/\/huebsch.com\/vn-international\/san-pham\/","url":"https:\/\/huebsch.com\/vn-international\/san-pham\/","name":"S\u1ea3n ph\u1ea9m - Huebsch Vietnam","isPartOf":{"@id":"https:\/\/huebsch.com\/vn-international\/#website"},"datePublished":"2019-04-26T11:48:19+00:00","dateModified":"2020-04-22T17:16:18+00:00","breadcrumb":{"@id":"https:\/\/huebsch.com\/vn-international\/san-pham\/#breadcrumb"},"inLanguage":"vi-VN","potentialAction":[{"@type":"ReadAction","target":["https:\/\/huebsch.com\/vn-international\/san-pham\/"]}]},{"@type":"BreadcrumbList","@id":"https:\/\/huebsch.com\/vn-international\/san-pham\/#breadcrumb","itemListElement":[{"@type":"ListItem","position":1,"name":"Home","item":"https:\/\/huebsch.com\/vn-international\/"},{"@type":"ListItem","position":2,"name":"S\u1ea3n ph\u1ea9m"}]},{"@type":"WebSite","@id":"https:\/\/huebsch.com\/vn-international\/#website","url":"https:\/\/huebsch.com\/vn-international\/","name":"Huebsch Vietnam","description":"Your Smart Laundry Partner","publisher":{"@id":"https:\/\/huebsch.com\/vn-international\/#organization"},"potentialAction":[{"@type":"SearchAction","target":{"@type":"EntryPoint","urlTemplate":"https:\/\/huebsch.com\/vn-international\/?s={search_term_string}"},"query-input":{"@type":"PropertyValueSpecification","valueRequired":true,"valueName":"search_term_string"}}],"inLanguage":"vi-VN"},{"@type":"Organization","@id":"https:\/\/huebsch.com\/vn-international\/#organization","name":"Huebsch","url":"https:\/\/huebsch.com\/vn-international\/","logo":{"@type":"ImageObject","inLanguage":"vi-VN","@id":"https:\/\/huebsch.com\/vn-international\/#\/schema\/logo\/image\/","url":"https:\/\/huebsch.com\/vn-international\/wp-content\/uploads\/sites\/13\/2019\/04\/Huebsch_Color_RGB-e1554987923330.png","contentUrl":"https:\/\/huebsch.com\/vn-international\/wp-content\/uploads\/sites\/13\/2019\/04\/Huebsch_Color_RGB-e1554987923330.png","width":295,"height":70,"caption":"Huebsch"},"image":{"@id":"https:\/\/huebsch.com\/vn-international\/#\/schema\/logo\/image\/"},"sameAs":["https:\/\/www.facebook.com\/Huebsch\/"]}]}},"_links":{"self":[{"href":"https:\/\/huebsch.com\/vn-international\/wp-json\/wp\/v2\/pages\/15243","targetHints":{"allow":["GET"]}}],"collection":[{"href":"https:\/\/huebsch.com\/vn-international\/wp-json\/wp\/v2\/pages"}],"about":[{"href":"https:\/\/huebsch.com\/vn-international\/wp-json\/wp\/v2\/types\/page"}],"author":[{"embeddable":true,"href":"https:\/\/huebsch.com\/vn-international\/wp-json\/wp\/v2\/users\/4"}],"replies":[{"embeddable":true,"href":"https:\/\/huebsch.com\/vn-international\/wp-json\/wp\/v2\/comments?post=15243"}],"version-history":[{"count":13,"href":"https:\/\/huebsch.com\/vn-international\/wp-json\/wp\/v2\/pages\/15243\/revisions"}],"predecessor-version":[{"id":15780,"href":"https:\/\/huebsch.com\/vn-international\/wp-json\/wp\/v2\/pages\/15243\/revisions\/15780"}],"wp:attachment":[{"href":"https:\/\/huebsch.com\/vn-international\/wp-json\/wp\/v2\/media?parent=15243"}],"curies":[{"name":"wp","href":"https:\/\/api.w.org\/{rel}","templated":true}]}}