{"id":15213,"date":"2019-04-26T11:49:26","date_gmt":"2019-04-26T11:49:26","guid":{"rendered":"http:\/\/huebsch-php74.bitnamiapp.com\/vn-international\/investors\/"},"modified":"2020-04-22T17:40:32","modified_gmt":"2020-04-22T17:40:32","slug":"cac-nha-dau-tu","status":"publish","type":"page","link":"https:\/\/huebsch.com\/vn-international\/cac-nha-dau-tu\/","title":{"rendered":"C\u00e1c nh\u00e0 \u0111\u1ea7u t\u01b0"},"content":{"rendered":"<p><div class=\"fusion-fullwidth fullwidth-box fusion-builder-row-1 nonhundred-percent-fullwidth non-hundred-percent-height-scrolling\" style=\"--awb-border-radius-top-left:0px;--awb-border-radius-top-right:0px;--awb-border-radius-bottom-right:0px;--awb-border-radius-bottom-left:0px;--awb-flex-wrap:wrap;\" ><div class=\"fusion-builder-row fusion-row\"><div class=\"fusion-layout-column fusion_builder_column fusion-builder-column-0 fusion_builder_column_1_3 1_3 fusion-one-third fusion-column-first\" style=\"--awb-bg-size:cover;width:33.333333333333%;width:calc(33.333333333333% - ( ( 4% ) * 0.33333333333333 ) );margin-right: 4%;\"><div class=\"fusion-column-wrapper fusion-column-has-shadow fusion-flex-column-wrapper-legacy\"><div class=\"fusion-title title fusion-title-1 fusion-sep-none fusion-title-text fusion-title-size-one\"><h1 class=\"fusion-title-heading title-heading-left fusion-responsive-typography-calculated\" style=\"margin:0;--fontSize:33;line-height:1.45;\">C\u00e1c nh\u00e0 \u0111\u1ea7u t\u01b0<\/h1><\/div><div class=\"fusion-text fusion-text-1\"><p>B\u1ea1n ch\u1ec9 c\u1ea7n nh\u00ecn xung quanh m\u1ed9t khu v\u1ef1c th\u01b0\u01a1ng m\u1ea1i \u0111\u1ec3 th\u1ea5y s\u1ef1 th\u00e0nh c\u00f4ng c\u1ee7a c\u00e1c doanh nghi\u1ec7p m\u00e0 \u0111ang ph\u1ee5c v\u1ee5 cho nhu c\u1ea7u x\u00e3 h\u1ed9i hi\u1ec7n \u0111ang ph\u00e1t tri\u1ec3n nhanh ch\u00f3ng c\u1ee7a ch\u00fang t\u00f4i. C\u00e1c c\u1eeda h\u00e0ng c\u00e0 ph\u00ea mua tr\u1ef1c ti\u1ebfp tr\u00ean xe, thay d\u1ea7u 10 ph\u00fat, nh\u00e0 h\u00e0ng th\u1ee9c \u0103n nhanh v\u00e0 nh\u01b0\u1ee3ng quy\u1ec1n r\u1eeda xe t\u1ef1 \u0111\u1ed9ng ch\u1ec9 l\u00e0 m\u1ed9t v\u00e0i trong s\u1ed1 c\u00e1c m\u00f4 h\u00ecnh bi\u1ebfn ph\u01b0\u01a1ng th\u1ee9c ti\u1ebft ki\u1ec7m th\u1eddi gian th\u00e0nh l\u1ee3i nhu\u1eadn.<\/p>\n<p>Ch\u1ebf \u0111\u1ed9 gi\u1eb7t l\u00e0 t\u1ef1 \u0111\u1ed9ng \u0111ang cung c\u1ea5p hi\u1ec7u qu\u1ea3 t\u01b0\u01a1ng t\u1ef1 v\u1edbi c\u00e1c thi\u1ebft b\u1ecb gi\u1eb7t th\u01b0\u01a1ng m\u1ea1i l\u1edbn, nhi\u1ec1u t\u1ea3i. Nh\u1eefng chi\u1ebfc m\u00e1y n\u00e0y cho ph\u00e9p kh\u00e1ch h\u00e0ng gi\u1ea3m l\u01b0\u1ee3ng c\u00f4ng vi\u1ec7c k\u00e9o d\u00e0i c\u1ea3 ng\u00e0y c\u1ee7a h\u1ecd v\u1edbi chi\u1ebfc m\u00e1y gi\u1eb7t v\u00e0 m\u00e1y s\u1ea5y phong c\u00e1ch gia \u0111\u00ecnh xu\u1ed1ng ch\u1ec9 c\u00f2n m\u1ed9t gi\u1edd t\u1ea1i ti\u1ec7m m\u00e1y gi\u1eb7t th\u01b0\u01a1ng m\u1ea1i.<\/p>\n<\/div><div class=\"fusion-clearfix\"><\/div><\/div><\/div><div class=\"fusion-layout-column fusion_builder_column fusion-builder-column-1 fusion_builder_column_2_3 2_3 fusion-two-third fusion-column-last\" style=\"--awb-bg-image:url(&#039;https:\/\/huebsch.com\/vn\/wp-content\/uploads\/sites\/8\/2019\/05\/InvestInLaundryVideo-300x144.jpg&#039;);--awb-bg-position:center center;--awb-bg-size:cover;width:66.666666666667%;width:calc(66.666666666667% - ( ( 4% ) * 0.66666666666667 ) );\" id=\"img-column\"><div class=\"fusion-column-wrapper fusion-column-has-shadow fusion-flex-column-wrapper-legacy fusion-empty-column-bg-image fusion-column-has-bg-image\" data-bg-url=\"https:\/\/huebsch.com\/vn\/wp-content\/uploads\/sites\/8\/2019\/05\/InvestInLaundryVideo-300x144.jpg\"><img decoding=\"async\" class=\"fusion-empty-dims-img-placeholder fusion-no-large-visibility\" src=\"data:image\/gif;base64,R0lGODlhAQABAAAAACH5BAEKAAEALAAAAAABAAEAAAICTAEAOw==\"><div class=\"fusion-clearfix\"><\/div><\/div><\/div><div class=\"fusion-layout-column fusion_builder_column fusion-builder-column-2 fusion_builder_column_2_3 2_3 fusion-two-third fusion-column-first\" style=\"--awb-bg-size:cover;width:66.666666666667%;width:calc(66.666666666667% - ( ( 4% ) * 0.66666666666667 ) );margin-right: 4%;\"><div class=\"fusion-column-wrapper fusion-column-has-shadow fusion-flex-column-wrapper-legacy\"><div class=\"fusion-text fusion-text-2\"><p>C\u00e1c nh\u00e0 \u0111\u1ea7u t\u01b0 \u0111\u00e3 \u0111\u00e1nh c\u01b0\u1ee3c ph\u01b0\u01a1ng th\u1ee9c ti\u1ebft ki\u1ec7m th\u1eddi gian v\u00e0o vi\u1ec7c t\u1ea1o n\u00ean l\u1ee3i nhu\u1eadn l\u1edbn, \u0111\u1eb7c bi\u1ec7t l\u00e0 \u1edf Hoa K\u1ef3, n\u01a1i c\u00e1c ho\u1ea1t \u0111\u1ed9ng gi\u1eb7t l\u00e0 t\u1ef1 \u0111\u1ed9ng t\u1ea1o ra 5 t\u1ef7 \u0111\u00f4 la h\u00e0ng n\u0103m &#8211; theo Hi\u1ec7p h\u1ed9i Gi\u1eb7t l\u00e0 T\u1ef1 \u0111\u1ed9ng (CLA).<\/p>\n<p>B\u00ean c\u1ea1nh s\u1ef1 h\u1ea5p d\u1eabn c\u1ee7a c\u00e1c d\u1ecbch v\u1ee5 gi\u1eb7t l\u00e0 t\u1ef1 \u0111\u1ed9ng nh\u01b0 m\u1ed9t c\u01a1 h\u1ed9i \u0111\u1ea7u t\u01b0 l\u00e0 c\u00f3 m\u1ed9t th\u1ef1c t\u1ebf r\u1eb1ng nhu c\u1ea7u c\u1ea7n thi\u1ebft c\u1ee7a vi\u1ec7c ph\u1ea3i c\u00f3 qu\u1ea7n \u00e1o s\u1ea1ch s\u1ebd. Ng\u01b0\u1eddi ta c\u00f3 th\u1ec3 ch\u1ecdn kh\u00f4ng \u0111i \u0103n tr\u01b0a, kh\u00f4ng u\u1ed1ng m\u1ed9t t\u00e1ch c\u00e0 ph\u00ea cao c\u1ea5p ho\u1eb7c th\u1eadm ch\u00ed kh\u00f4ng r\u1eeda xe. Nh\u01b0ng ph\u1ea3i c\u00f3 m\u1ed9t b\u1ed9 qu\u1ea7n \u00e1o s\u1ea1ch s\u1ebd. Th\u1ef1c t\u1ebf \u0111\u00f3 c\u0169ng khi\u1ebfn cho doanh nghi\u1ec7p h\u1ea7u nh\u01b0 tr\u00e1nh \u0111\u01b0\u1ee3c nguy c\u01a1 suy tho\u00e1i.<\/p>\n<p>V\u00e0 ho\u1ea1t \u0111\u1ed9ng gi\u1eb7t l\u00e0 t\u1ef1 \u0111\u1ed9ng mang l\u1ea1i l\u1ee3i \u00edch m\u00e0 c\u00e1c li\u00ean doanh kh\u00e1c kh\u00f4ng th\u1ec3, b\u1eaft \u0111\u1ea7u b\u1eb1ng vi\u1ec7c kh\u00f4ng ph\u1ea3i tr\u1ea3 ph\u00ed nh\u01b0\u1ee3ng quy\u1ec1n. Khi b\u1ea1n b\u1eaft \u0111\u1ea7u kinh doanh vi\u1ec7c gi\u1eb7t th\u01b0\u01a1ng m\u1ea1i v\u1edbi thi\u1ebft b\u1ecb c\u1ee7a <span class=\"fusion-tooltip tooltip-shortcode\" data-animation=\"\" data-delay=\"0\" data-placement=\"top\" data-title=\"Gi\u1eb7t l\u00e0 Huebsch\" title=\"Gi\u1eb7t l\u00e0 Huebsch\" data-toggle=\"tooltip\" data-trigger=\"hover\"><strong>Huebsch\u00ae<\/strong><\/span>, vi\u1ec7c kinh doanh l\u00e0 c\u1ee7a b\u1ea1n. Kh\u00f4ng gi\u1ed1ng nh\u01b0 nhi\u1ec1u d\u1ef1 \u00e1n kinh doanh nh\u1ecf kh\u00e1c, c\u00e1c ti\u1ec7m gi\u1eb7t l\u00e0 kh\u00f4ng c\u00f3 s\u1ef1 \u1ee7y nhi\u1ec7m li\u00ean t\u1ee5c ho\u1eb7c ph\u00ed nh\u01b0\u1ee3ng quy\u1ec1n h\u00e0ng n\u0103m.<\/p>\n<h2>C\u00e1c l\u1ee3i \u00edch B\u1ed5 sung Bao g\u1ed3m:<\/h2>\n<ul>\n<li>ROI (T\u1ef7 su\u1ea5t ho\u00e0n v\u1ed1n) ti\u1ec1m n\u0103ng l\u1edbn t\u1eeb 25 \u0111\u1ebfn 35%<\/li>\n<li>Kinh doanh b\u1eb1ng Ti\u1ec1n m\u1eb7t<\/li>\n<li>Thanh to\u00e1n tr\u01b0\u1edbc khi th\u1ef1c hi\u1ec7n D\u1ecbch v\u1ee5<\/li>\n<li>Qu\u1ea3n l\u00fd Ngo\u00e0i c\u1eeda h\u00e0ng \u2014 B\u1ea1n X\u00e1c \u0111\u1ecbnh M\u1ee9c \u0111\u1ed9 tham gia c\u1ee7a ch\u00ednh m\u00ecnh<\/li>\n<li>Kh\u00f4ng c\u00f2n Nh\u1eefng l\u1ea7n \u0111au \u0111\u1ea7u v\u1ec1 Ti\u1ec1n l\u01b0\u01a1ng\/Thu h\u1ed3i<\/li>\n<\/ul>\n<p>V\u1edbi l\u1ecbch s\u1eed h\u01a1n 100 n\u0103m c\u1ee7a <span class=\"fusion-tooltip tooltip-shortcode\" data-animation=\"\" data-delay=\"0\" data-placement=\"top\" data-title=\"Gi\u1eb7t l\u00e0 Huebsch\" title=\"Gi\u1eb7t l\u00e0 Huebsch\" data-toggle=\"tooltip\" data-trigger=\"hover\"><strong>Huebsch\u00ae<\/strong><\/span>, v\u1edbi ki\u1ebfn th\u1ee9c v\u01b0\u1ee3t tr\u1ed9i v\u1ec1 th\u1ecb tr\u01b0\u1eddng, s\u1ed1 l\u01b0\u1ee3ng l\u1edbn c\u00e1c d\u1ecbch v\u1ee5 v\u00e0 thi\u1ebft b\u1ecb gi\u1eb7t l\u00e0 th\u01b0\u01a1ng m\u1ea1i \u0111\u00e1ng tin c\u1eady, ch\u00fang t\u00f4i c\u00f3 t\u1ea5t c\u1ea3 c\u00e1c c\u00f4ng c\u1ee5 \u0111\u1ec3 h\u1ed7 tr\u1ee3 c\u00e1c doanh nh\u00e2n m\u1edf ti\u1ec7m gi\u1eb7t l\u00e0, cho d\u00f9 l\u00e0 t\u1eeb ngu\u1ed3n thu nh\u1eadp th\u00eam, l\u01b0\u01a1ng ngh\u1ec9 h\u01b0u ho\u1eb7c m\u1ed9t d\u1ef1 \u00e1n kinh doanh to\u00e0n th\u1eddi gian. \u0110\u1ec3 t\u00ecm hi\u1ec3u th\u00eam v\u1ec1 kinh doanh d\u1ecbch v\u1ee5 gi\u1eb7t l\u00e0 t\u1ef1 \u0111\u1ed9ng v\u00e0 c\u00e1ch <span class=\"fusion-tooltip tooltip-shortcode\" data-animation=\"\" data-delay=\"0\" data-placement=\"top\" data-title=\"Gi\u1eb7t l\u00e0 Huebsch\" title=\"Gi\u1eb7t l\u00e0 Huebsch\" data-toggle=\"tooltip\" data-trigger=\"hover\"><strong>Huebsch\u00ae<\/strong><\/span> \u0111\u1ed3ng h\u00e0nh c\u00f9ng b\u1ea1n t\u1eebng b\u01b0\u1edbc, h\u00e3y ch\u1ecdn t\u1eeb c\u00e1c li\u00ean k\u1ebft b\u00ean tr\u00e1i.<\/p>\n<\/div><div class=\"fusion-clearfix\"><\/div><\/div><\/div><div class=\"fusion-layout-column fusion_builder_column fusion-builder-column-3 fusion_builder_column_1_3 1_3 fusion-one-third fusion-column-last\" style=\"--awb-bg-size:cover;width:33.333333333333%;width:calc(33.333333333333% - ( ( 4% ) * 0.33333333333333 ) );\"><div class=\"fusion-column-wrapper fusion-column-has-shadow fusion-flex-column-wrapper-legacy\"><div class=\"fusion-image-element fusion-image-align-center in-legacy-container\" style=\"text-align:center;--awb-caption-title-font-family:var(--h2_typography-font-family);--awb-caption-title-font-weight:var(--h2_typography-font-weight);--awb-caption-title-font-style:var(--h2_typography-font-style);--awb-caption-title-size:var(--h2_typography-font-size);--awb-caption-title-transform:var(--h2_typography-text-transform);--awb-caption-title-line-height:var(--h2_typography-line-height);--awb-caption-title-letter-spacing:var(--h2_typography-letter-spacing);\"><div class=\"imageframe-align-center\"><span class=\" fusion-imageframe imageframe-none imageframe-1 hover-type-none fusion-animated\" data-animationType=\"fadeInUp\" data-animationDuration=\"0.3\" data-animationOffset=\"top-into-view\"><img decoding=\"async\" width=\"243\" height=\"117\" alt=\"Huebsch\u00ae\" title=\"HuebschBrianTyrone\" data-src=\"https:\/\/huebsch.com\/vn-international\/wp-content\/uploads\/sites\/13\/2019\/04\/HuebschBrianTyrone.jpg\" class=\"img-responsive wp-image-15214 lazyload\" data-srcset=\"https:\/\/huebsch.com\/vn-international\/wp-content\/uploads\/sites\/13\/2019\/04\/HuebschBrianTyrone-200x96.jpg 200w, https:\/\/huebsch.com\/vn-international\/wp-content\/uploads\/sites\/13\/2019\/04\/HuebschBrianTyrone.jpg 243w\" data-sizes=\"(max-width: 800px) 100vw, 243px\" src=\"data:image\/svg+xml;base64,PHN2ZyB3aWR0aD0iMSIgaGVpZ2h0PSIxIiB4bWxucz0iaHR0cDovL3d3dy53My5vcmcvMjAwMC9zdmciPjwvc3ZnPg==\" style=\"--smush-placeholder-width: 243px; --smush-placeholder-aspect-ratio: 243\/117;\" \/><\/span><\/div><\/div><div class=\"fusion-text fusion-text-3\"><p>Xem c\u00e1ch c\u00e1c ch\u1ee7 c\u1eeda h\u00e0ng c\u1ee7a Laundry Caf\u00e9 \u0111\u1ea7u t\u01b0 v\u00e0o gi\u1eb7t l\u00e0 \u0111\u1ec3 t\u1ea1o ra th\u00e0nh c\u00f4ng cho ch\u00ednh h\u1ecd c\u0169ng nh\u01b0 tr\u1ea3i nghi\u1ec7m tuy\u1ec7t v\u1eddi cho kh\u00e1ch h\u00e0ng c\u1ee7a h\u1ecd.<\/p>\n<\/div><div class=\"fusion-sep-clear\"><\/div><div class=\"fusion-separator fusion-full-width-sep\" style=\"margin-left: auto;margin-right: auto;width:100%;\"><div class=\"fusion-separator-border sep-single sep-solid\" style=\"--awb-height:20px;--awb-amount:20px;border-color:#e0dede;border-top-width:1px;\"><\/div><\/div><div class=\"fusion-sep-clear\"><\/div><div class=\"fusion-reading-box-container reading-box-container-1\" style=\"--awb-title-color:#333333;--awb-margin-top:0px;--awb-margin-bottom:84px;\"><div class=\"reading-box reading-box-center\" style=\"background-color:#f6f6f6;border-width:1px;border-color:#f6f6f6;border-top-width:3px;border-top-color:var(--primary_color);border-style:solid;\"><h2>C\u00e1c c\u00e2u chuy\u1ec7n Th\u00e0nh c\u00f4ng<\/h2><div class=\"reading-box-additional fusion-reading-box-additional\">\n<p>T\u00ecm hi\u1ec3u c\u00e1ch <span class=\"fusion-tooltip tooltip-shortcode\" data-animation=\"\" data-delay=\"0\" data-placement=\"top\" data-title=\"Gi\u1eb7t l\u00e0 Huebsch\" title=\"Gi\u1eb7t l\u00e0 Huebsch\" data-toggle=\"tooltip\" data-trigger=\"hover\"><strong>Huebsch\u00ae<\/strong><\/span> \u0111ang gi\u00fap kh\u00e1ch h\u00e0ng tr\u00ean to\u00e0n th\u1ebf gi\u1edbi \u0111\u1ea1t \u0111\u01b0\u1ee3c m\u1ee5c ti\u00eau kinh doanh c\u1ee7a h\u1ecd.<\/p>\n<\/div><div class=\"fusion-clearfix\"><\/div><a class=\"button fusion-button button-default fusion-button-large button-large button-flat fusion-mobile-button continue-center\" style=\"-webkit-box-shadow:none;-moz-box-shadow:none;box-shadow:none;border-radius:2px 2px 2px 2px\" href=\"https:\/\/www.youtube.com\/huebsch\" target=\"_blank\" rel=\"noopener noreferrer\"><span>Xem video<\/span><\/a><\/div><\/div><div class=\"fusion-widget-area awb-widget-area-element fusion-widget-area-1 fusion-content-widget-area\" style=\"--awb-title-size:14px;--awb-title-color:#333333;--awb-padding:0px 0px 0px 0px;\"><div id=\"nav_menu-10\" class=\"widget widget_nav_menu\"><div class=\"heading\"><h4 class=\"widget-title\">C\u00e1c nh\u00e0 \u0111\u1ea7u t\u01b0<\/h4><\/div><div class=\"menu-investors-vietnamese-container\"><ul id=\"menu-investors-vietnamese\" class=\"menu\"><li id=\"menu-item-15706\" class=\"menu-item menu-item-type-post_type menu-item-object-page menu-item-15706\"><a href=\"https:\/\/huebsch.com\/vn-international\/cac-nha-dau-tu\/loi-the-cua-huebsch\/\">L\u1ee3i th\u1ebf c\u1ee7a Huebsch<\/a><\/li>\n<li id=\"menu-item-15707\" class=\"menu-item menu-item-type-post_type menu-item-object-page menu-item-15707\"><a href=\"https:\/\/huebsch.com\/vn-international\/cac-nha-dau-tu\/bat-dau\/\">B\u1eaft \u0111\u1ea7u<\/a><\/li>\n<li id=\"menu-item-15708\" class=\"menu-item menu-item-type-post_type menu-item-object-page menu-item-15708\"><a href=\"https:\/\/huebsch.com\/vn-international\/cac-nha-dau-tu\/dia-diem\/\">\u0110\u1ecba \u0111i\u1ec3m<\/a><\/li>\n<li id=\"menu-item-15709\" class=\"menu-item menu-item-type-post_type menu-item-object-page menu-item-15709\"><a href=\"https:\/\/huebsch.com\/vn-international\/cac-nha-dau-tu\/dich-vu-co-dien\/\">D\u1ecbch v\u1ee5 c\u1ed5 \u0111i\u1ec3n<\/a><\/li>\n<\/ul><\/div><\/div><div class=\"fusion-additional-widget-content\"><\/div><\/div><div class=\"fusion-clearfix\"><\/div><\/div><\/div><\/div><\/div><div class=\"fusion-fullwidth fullwidth-box fusion-builder-row-2 nonhundred-percent-fullwidth non-hundred-percent-height-scrolling\" style=\"--awb-border-radius-top-left:0px;--awb-border-radius-top-right:0px;--awb-border-radius-bottom-right:0px;--awb-border-radius-bottom-left:0px;--awb-padding-top:30px;--awb-margin-top:60px;--awb-background-color:#7eb541;--awb-flex-wrap:wrap;\" ><div class=\"fusion-builder-row fusion-row\"><div class=\"fusion-layout-column fusion_builder_column fusion-builder-column-4 fusion_builder_column_2_3 2_3 fusion-two-third fusion-column-first\" style=\"--awb-bg-size:cover;width:66.666666666667%;width:calc(66.666666666667% - ( ( 4% ) * 0.66666666666667 ) );margin-right: 4%;\"><div class=\"fusion-column-wrapper fusion-column-has-shadow fusion-flex-column-wrapper-legacy\"><div class=\"fusion-title title fusion-title-2 fusion-sep-none fusion-title-text fusion-title-size-one\" style=\"--awb-text-color:#ffffff;--awb-margin-bottom:5px;--awb-margin-bottom-small:5px;\"><h1 class=\"fusion-title-heading title-heading-left fusion-responsive-typography-calculated\" style=\"margin:0;--fontSize:33;line-height:1.45;\">Y\u00eau c\u1ea7u b\u00e1o gi\u00e1<\/h1><\/div><div class=\"fusion-text fusion-text-4\"><p><span style=\"color: #fff\">\u0110i\u1ec1n v\u00e0o m\u1eabu \u0111\u1ec3 y\u00eau c\u1ea7u b\u00e1o gi\u00e1 t\u1eeb chuy\u00ean vi\u00ean kinh doanh c\u1ee7a Huebsch.<\/span><\/p>\n<\/div><div class=\"fusion-clearfix\"><\/div><\/div><\/div><div class=\"fusion-layout-column fusion_builder_column fusion-builder-column-5 fusion_builder_column_1_3 1_3 fusion-one-third fusion-column-last\" style=\"--awb-bg-size:cover;width:33.333333333333%;width:calc(33.333333333333% - ( ( 4% ) * 0.33333333333333 ) );\"><div class=\"fusion-column-wrapper fusion-column-has-shadow fusion-flex-column-wrapper-legacy\"><div class=\"fusion-sep-clear\"><\/div><div class=\"fusion-separator fusion-full-width-sep\" style=\"margin-left: auto;margin-right: auto;margin-top:0px;margin-bottom:22px;width:100%;\"><\/div><div class=\"fusion-sep-clear\"><\/div><div class=\"fusion-align-block\"><a class=\"fusion-button button-flat fusion-button-default-size button-custom fusion-button-default button-1 fusion-button-span-yes fusion-button-default-type\" style=\"--button_accent_color:#ffffff;--button_accent_hover_color:#7eb541;--button_border_hover_color:#7eb541;--button_border_width-top:1px;--button_border_width-right:1px;--button_border_width-bottom:1px;--button_border_width-left:1px;--button_gradient_top_color:#7eb541;--button_gradient_bottom_color:#7eb541;--button_gradient_top_color_hover:#ffffff;--button_gradient_bottom_color_hover:#ffffff;\" target=\"_self\" href=\"https:\/\/huebsch.com\/vn-international\/yeu-cau-bao-gia\/?lang=vi\"><span class=\"fusion-button-text awb-button__text awb-button__text--default\">B\u00e1o gi\u00e1<\/span><\/a><\/div><div class=\"fusion-clearfix\"><\/div><\/div><\/div><\/div><\/div><\/p>\n","protected":false},"excerpt":{"rendered":"","protected":false},"author":4,"featured_media":0,"parent":0,"menu_order":0,"comment_status":"closed","ping_status":"closed","template":"100-width.php","meta":{"_acf_changed":false,"footnotes":""},"class_list":["post-15213","page","type-page","status-publish","hentry"],"acf":[],"yoast_head":"<!-- This site is optimized with the Yoast SEO Premium plugin v20.12 (Yoast SEO v26.5) - https:\/\/yoast.com\/wordpress\/plugins\/seo\/ -->\n<title>C\u00e1c nh\u00e0 \u0111\u1ea7u t\u01b0 - Huebsch Vietnam<\/title>\n<meta name=\"robots\" content=\"index, follow, max-snippet:-1, max-image-preview:large, max-video-preview:-1\" \/>\n<link rel=\"canonical\" href=\"https:\/\/huebsch.com\/vn-international\/cac-nha-dau-tu\/\" \/>\n<meta property=\"og:locale\" content=\"vi_VN\" \/>\n<meta property=\"og:type\" content=\"article\" \/>\n<meta property=\"og:title\" content=\"C\u00e1c nh\u00e0 \u0111\u1ea7u t\u01b0\" \/>\n<meta property=\"og:url\" content=\"https:\/\/huebsch.com\/vn-international\/cac-nha-dau-tu\/\" \/>\n<meta property=\"og:site_name\" content=\"Huebsch Vietnam\" \/>\n<meta property=\"article:publisher\" content=\"https:\/\/www.facebook.com\/Huebsch\/\" \/>\n<meta property=\"article:modified_time\" content=\"2020-04-22T17:40:32+00:00\" \/>\n<meta name=\"twitter:card\" content=\"summary_large_image\" \/>\n<meta name=\"twitter:label1\" content=\"Est. reading time\" \/>\n\t<meta name=\"twitter:data1\" content=\"12 minutes\" \/>\n<script type=\"application\/ld+json\" class=\"yoast-schema-graph\">{\"@context\":\"https:\/\/schema.org\",\"@graph\":[{\"@type\":\"WebPage\",\"@id\":\"https:\/\/huebsch.com\/vn-international\/cac-nha-dau-tu\/\",\"url\":\"https:\/\/huebsch.com\/vn-international\/cac-nha-dau-tu\/\",\"name\":\"C\u00e1c nh\u00e0 \u0111\u1ea7u t\u01b0 - Huebsch Vietnam\",\"isPartOf\":{\"@id\":\"https:\/\/huebsch.com\/vn-international\/#website\"},\"datePublished\":\"2019-04-26T11:49:26+00:00\",\"dateModified\":\"2020-04-22T17:40:32+00:00\",\"breadcrumb\":{\"@id\":\"https:\/\/huebsch.com\/vn-international\/cac-nha-dau-tu\/#breadcrumb\"},\"inLanguage\":\"vi-VN\",\"potentialAction\":[{\"@type\":\"ReadAction\",\"target\":[\"https:\/\/huebsch.com\/vn-international\/cac-nha-dau-tu\/\"]}]},{\"@type\":\"BreadcrumbList\",\"@id\":\"https:\/\/huebsch.com\/vn-international\/cac-nha-dau-tu\/#breadcrumb\",\"itemListElement\":[{\"@type\":\"ListItem\",\"position\":1,\"name\":\"Home\",\"item\":\"https:\/\/huebsch.com\/vn-international\/\"},{\"@type\":\"ListItem\",\"position\":2,\"name\":\"C\u00e1c nh\u00e0 \u0111\u1ea7u t\u01b0\"}]},{\"@type\":\"WebSite\",\"@id\":\"https:\/\/huebsch.com\/vn-international\/#website\",\"url\":\"https:\/\/huebsch.com\/vn-international\/\",\"name\":\"Huebsch Vietnam\",\"description\":\"Your Smart Laundry Partner\",\"publisher\":{\"@id\":\"https:\/\/huebsch.com\/vn-international\/#organization\"},\"potentialAction\":[{\"@type\":\"SearchAction\",\"target\":{\"@type\":\"EntryPoint\",\"urlTemplate\":\"https:\/\/huebsch.com\/vn-international\/?s={search_term_string}\"},\"query-input\":{\"@type\":\"PropertyValueSpecification\",\"valueRequired\":true,\"valueName\":\"search_term_string\"}}],\"inLanguage\":\"vi-VN\"},{\"@type\":\"Organization\",\"@id\":\"https:\/\/huebsch.com\/vn-international\/#organization\",\"name\":\"Huebsch\",\"url\":\"https:\/\/huebsch.com\/vn-international\/\",\"logo\":{\"@type\":\"ImageObject\",\"inLanguage\":\"vi-VN\",\"@id\":\"https:\/\/huebsch.com\/vn-international\/#\/schema\/logo\/image\/\",\"url\":\"https:\/\/huebsch.com\/vn-international\/wp-content\/uploads\/sites\/13\/2019\/04\/Huebsch_Color_RGB-e1554987923330.png\",\"contentUrl\":\"https:\/\/huebsch.com\/vn-international\/wp-content\/uploads\/sites\/13\/2019\/04\/Huebsch_Color_RGB-e1554987923330.png\",\"width\":295,\"height\":70,\"caption\":\"Huebsch\"},\"image\":{\"@id\":\"https:\/\/huebsch.com\/vn-international\/#\/schema\/logo\/image\/\"},\"sameAs\":[\"https:\/\/www.facebook.com\/Huebsch\/\"]}]}<\/script>\n<!-- \/ Yoast SEO Premium plugin. -->","yoast_head_json":{"title":"C\u00e1c nh\u00e0 \u0111\u1ea7u t\u01b0 - Huebsch Vietnam","robots":{"index":"index","follow":"follow","max-snippet":"max-snippet:-1","max-image-preview":"max-image-preview:large","max-video-preview":"max-video-preview:-1"},"canonical":"https:\/\/huebsch.com\/vn-international\/cac-nha-dau-tu\/","og_locale":"vi_VN","og_type":"article","og_title":"C\u00e1c nh\u00e0 \u0111\u1ea7u t\u01b0","og_url":"https:\/\/huebsch.com\/vn-international\/cac-nha-dau-tu\/","og_site_name":"Huebsch Vietnam","article_publisher":"https:\/\/www.facebook.com\/Huebsch\/","article_modified_time":"2020-04-22T17:40:32+00:00","twitter_card":"summary_large_image","twitter_misc":{"Est. reading time":"12 minutes"},"schema":{"@context":"https:\/\/schema.org","@graph":[{"@type":"WebPage","@id":"https:\/\/huebsch.com\/vn-international\/cac-nha-dau-tu\/","url":"https:\/\/huebsch.com\/vn-international\/cac-nha-dau-tu\/","name":"C\u00e1c nh\u00e0 \u0111\u1ea7u t\u01b0 - Huebsch Vietnam","isPartOf":{"@id":"https:\/\/huebsch.com\/vn-international\/#website"},"datePublished":"2019-04-26T11:49:26+00:00","dateModified":"2020-04-22T17:40:32+00:00","breadcrumb":{"@id":"https:\/\/huebsch.com\/vn-international\/cac-nha-dau-tu\/#breadcrumb"},"inLanguage":"vi-VN","potentialAction":[{"@type":"ReadAction","target":["https:\/\/huebsch.com\/vn-international\/cac-nha-dau-tu\/"]}]},{"@type":"BreadcrumbList","@id":"https:\/\/huebsch.com\/vn-international\/cac-nha-dau-tu\/#breadcrumb","itemListElement":[{"@type":"ListItem","position":1,"name":"Home","item":"https:\/\/huebsch.com\/vn-international\/"},{"@type":"ListItem","position":2,"name":"C\u00e1c nh\u00e0 \u0111\u1ea7u t\u01b0"}]},{"@type":"WebSite","@id":"https:\/\/huebsch.com\/vn-international\/#website","url":"https:\/\/huebsch.com\/vn-international\/","name":"Huebsch Vietnam","description":"Your Smart Laundry Partner","publisher":{"@id":"https:\/\/huebsch.com\/vn-international\/#organization"},"potentialAction":[{"@type":"SearchAction","target":{"@type":"EntryPoint","urlTemplate":"https:\/\/huebsch.com\/vn-international\/?s={search_term_string}"},"query-input":{"@type":"PropertyValueSpecification","valueRequired":true,"valueName":"search_term_string"}}],"inLanguage":"vi-VN"},{"@type":"Organization","@id":"https:\/\/huebsch.com\/vn-international\/#organization","name":"Huebsch","url":"https:\/\/huebsch.com\/vn-international\/","logo":{"@type":"ImageObject","inLanguage":"vi-VN","@id":"https:\/\/huebsch.com\/vn-international\/#\/schema\/logo\/image\/","url":"https:\/\/huebsch.com\/vn-international\/wp-content\/uploads\/sites\/13\/2019\/04\/Huebsch_Color_RGB-e1554987923330.png","contentUrl":"https:\/\/huebsch.com\/vn-international\/wp-content\/uploads\/sites\/13\/2019\/04\/Huebsch_Color_RGB-e1554987923330.png","width":295,"height":70,"caption":"Huebsch"},"image":{"@id":"https:\/\/huebsch.com\/vn-international\/#\/schema\/logo\/image\/"},"sameAs":["https:\/\/www.facebook.com\/Huebsch\/"]}]}},"_links":{"self":[{"href":"https:\/\/huebsch.com\/vn-international\/wp-json\/wp\/v2\/pages\/15213","targetHints":{"allow":["GET"]}}],"collection":[{"href":"https:\/\/huebsch.com\/vn-international\/wp-json\/wp\/v2\/pages"}],"about":[{"href":"https:\/\/huebsch.com\/vn-international\/wp-json\/wp\/v2\/types\/page"}],"author":[{"embeddable":true,"href":"https:\/\/huebsch.com\/vn-international\/wp-json\/wp\/v2\/users\/4"}],"replies":[{"embeddable":true,"href":"https:\/\/huebsch.com\/vn-international\/wp-json\/wp\/v2\/comments?post=15213"}],"version-history":[{"count":5,"href":"https:\/\/huebsch.com\/vn-international\/wp-json\/wp\/v2\/pages\/15213\/revisions"}],"predecessor-version":[{"id":15804,"href":"https:\/\/huebsch.com\/vn-international\/wp-json\/wp\/v2\/pages\/15213\/revisions\/15804"}],"wp:attachment":[{"href":"https:\/\/huebsch.com\/vn-international\/wp-json\/wp\/v2\/media?parent=15213"}],"curies":[{"name":"wp","href":"https:\/\/api.w.org\/{rel}","templated":true}]}}